*n = 3*p + 51*n - 6. Suppose p*v + 2318 - 31627 = 0. Is v composite?
True
Suppose -4*s = 3*o - 3805, -o = -5*o - 5*s + 5074. Let z be ((2 - 3) + 37)*3*286/(-39). Let h = z + o. Is h composite?
False
Let p(m) = -24812*m - 2109. Is p(-14) a composite number?
False
Suppose -n - 2*g = -15279, n + g - 10033 - 5249 = 0. Suppose -18*y = -n - 4281. Is y a composite number?
False
Let r = -4350 + 28572. Suppose 25*n = 19*n + r. Is n a prime number?
False
Let j(d) be the first derivative of d**2/2 + 7*d + 24. Let z be j(-5). Suppose -3*a + 534 = -2*p + 5*p, -z*a = -p + 193. Is p a prime number?
False
Let v be (-28)/(-21) + 57/(-9). Is 1878 + 4 + v + -3 a composite number?
True
Suppose -7*g = 3*g + 6*g + 5*g. Suppose 3 - 1 = -t - 3*j, -2 = j. Suppose -3*l + 2*l + d = -635, -t*l + d + 2540 = g. Is l a prime number?
False
Let s(m) = -106960*m - 391. Is s(-14) a prime number?
True
Let q be ((-24)/(-48))/(2/(-1432)). Let f = q + 3723. Is f a prime number?
False
Let n be 1814/(-3)*(5 - 2)*-10. Let p be ((-4)/(16/n))/(-1). Suppose 1031 - 124 = j + r, -5*j = 4*r - p. Is j a composite number?
False
Suppose -56*h + 205*h - 2151791 = -230734. Is h a composite number?
False
Let k = 233 - 130. Let u = 304 - k. Is u a composite number?
True
Let y(b) = 4*b**3 + 19*b**2 - 9*b - 22. Let a be y(17). Let r = 39589 - a. Is r a composite number?
False
Suppose -114 = 7*j + 838. Let u be ((-3129)/(-4))/3 - 34/j. Suppose 7*m = 4*m + u. Is m composite?
True
Suppose 6*w + 2*n + 53 = w, -5*n - 29 = w. Let a(x) = -x**3 - 3*x**2 + 7*x + 17. Let f be a(w). Let s = f - 93. Is s prime?
True
Let y(b) = 2435*b**2 + 35*b - 17. Is y(7) a prime number?
False
Let p = 1423614 + -889861. Is p prime?
False
Suppose -37*g + 35*g + 4054 = 0. Suppose -2*l - 2460 - g = -5*k, -k + 5*l + 879 = 0. Is k composite?
True
Suppose c - 248188 - 123809 = -8*c. Is c a composite number?
False
Let z(h) = -2291*h + 1338. Is z(-19) prime?
True
Suppose -2*o + 16 = -2*a, -11*o + 7*o + 42 = a. Suppose -o*n + 8*n - l = -3566, 2*l = 2*n - 3566. Is n composite?
False
Suppose 8*r - 38 = -14. Suppose 2*z = 2*s + r*z - 6882, 4*s - 3*z = 13744. Is s a prime number?
False
Suppose 0 = 3*q - 28 + 7. Suppose q*g = -576 + 2739. Is g a composite number?
True
Let v be 2/3 + (22/3 - 2). Suppose x = l - v, -8 = 2*x - 3*l + 6. Is (-10968)/x - 4*4/16 a prime number?
True
Suppose c + 2*x + 4455 = 4*c, 2*c - 2978 = 4*x. Suppose -2*r - 3*y + 2771 = -c, -r + 2141 = -2*y. Let q = 4960 - r. Is q a prime number?
False
Let u be (10 - 6) + 1 - 2. Suppose -4*k + 7659 = 3*z, u*k + 3190 = 3*z - 4490. Is z a prime number?
True
Let j(c) = -3*c**3 + c**2. Let l be j(-1). Suppose 0*k = -k + l*k. Suppose a - 6906 = -4*x, k = -2*x - x - 2*a + 5177. Is x composite?
True
Suppose -4*w + 1496 = -w + 4*a, -4*w - 5*a + 1994 = 0. Let u = w - -24. Suppose 3*b - 328 = -i - i, -5*b + 2*i = -u. Is b a prime number?
False
Let k be (-5)/2*24/(-30). Suppose -l = -5, 2*l + k*l - 73 = -t. Is t a prime number?
True
Suppose -2*f - 3*j + 352 = 0, -4*f + f - 4*j + 528 = 0. Suppose -4*m - f = c, -2*c - 169 = 4*m + 3. Is (-19917)/m + 4/10 a prime number?
True
Let k = 1848 - 348. Let b(h) = -2*h**3 + 3*h**2 - 2. Let i be b(3). Let n = i + k. Is n prime?
True
Let q(v) = -33*v**3 - 9*v**2 - 14*v - 12. Let x(r) = 6*r + 1. Let a be x(-1). Is q(a) prime?
False
Suppose 0 = 4*p - 6*p + 150. Is (-15)/(p/(-3110)) - -9 a composite number?
False
Suppose -173*w + 179*w - 120534 = 0. Suppose 22*m = 7609 + w. Is m a composite number?
False
Let c = 332 + 1933. Suppose 11080 = 17*p - c. Is p prime?
False
Let i = 736 + 464. Let h = i - -11. Is h composite?
True
Suppose 0 = -4*h + 4*x - 14 - 26, x = -h - 2. Is 2*(-4 - (22065/h - 1)) a prime number?
True
Let r(l) = 71*l**3 - 7*l**2 - 22. Let i be r(15). Suppose -i = 3*x - 31*x. Is x a prime number?
True
Let z = -884 + 5288. Suppose 3*s - 14531 = -a, 2*s + a - z = 5284. Is s prime?
False
Suppose 2*t + 5*t - 3*k - 2316929 = 0, -2*t = -2*k - 661982. Is t prime?
False
Suppose 3*z + 0*z + 1890 = 0. Let l = 1371 + z. Suppose p - 152 = -2*q - q, 5*p - 4*q - l = 0. Is p a prime number?
True
Let g = -182 - -420. Suppose -1622 - g = -20*j. Is j prime?
False
Suppose r = -2*h + 1464693, 4*r - 5858772 = -50*h + 51*h. Is r composite?
True
Is -33827*3*45/(-135) prime?
True
Suppose 34*d - 33*d = -28*d + 17289017. Is d a prime number?
False
Let a be ((-15)/2)/((-3)/2). Suppose a*t - 15 = -0*t. Suppose -4*w = v - w - 320, -t*w = 2*v - 649. Is v a composite number?
True
Suppose -210*u + 217027480 = -76740470. Is u composite?
True
Let n(y) = 1240*y + 127. Let c(r) = r**2 - 7*r + 9. Let h be c(7). Is n(h) composite?
False
Suppose -5*p - 52987 = 2*x + 12760, -26297 = 2*p - x. Let c = p - -18740. Is c composite?
False
Let g be (-7 - 1)/(-11 + (-27)/(-3)). Suppose -4*a = -g*k - 7*a + 36971, 0 = -5*k - 4*a + 46215. Is k prime?
True
Suppose -4*s + 7*a - 4*a = -24, 0 = -3*s - 4*a + 18. Let d(q) = 5321*q - 52. Let k be d(8). Is (1/2)/(s/k) prime?
False
Suppose -4*t + 304777 = -x, 380960 = 5*t - 6*x + 7*x. Is t a prime number?
False
Suppose 4*q + 679 + 3962 = 3*y, 0 = -5*y + 5*q + 7735. Let d = 3424 + y. Is d a prime number?
False
Let i = 103 - 108. Let g(n) = -4*n**2 - 18*n + 5. Let l be g(i). Let t(y) = -64*y + 17. Is t(l) composite?
False
Let f = -388 + 381. Is 8261 - (-48)/(1 - f) prime?
False
Let j = 26 + -35. Let q(p) = p**2 + 7*p - 15. Let u be q(j). Suppose -u*t = 2*t - 1255. Is t prime?
True
Let k = 669 - 1850. Let u = 2401 + k. Is (u/(-4) + -2)*2/(-2) a prime number?
True
Let h = -4929 - -2516. Let t be h/(-4) + 16/(-64). Let x = t + -340. Is x composite?
False
Let r be (3 - 7/2)*-4. Suppose -v + r = -8. Suppose -v*b + 1066 = -8*b. Is b a composite number?
True
Let s(y) = 118*y - 3. Let q(j) = -27*j + 6*j - 21*j - 77*j + 2. Let c(r) = 2*q(r) + 3*s(r). Is c(8) a composite number?
True
Suppose 5*c = 2*v + 16392 + 26318, -5*c + 42745 = 5*v. Let a be (c/(-36))/(3*2/18). Let b = -339 - a. Is b composite?
False
Suppose -40*d + 8*d = -224. Suppose d*q - 20481 = -4150. Is q a prime number?
True
Let b = 544 + -558. Let j(n) be the first derivative of 2*n**3/3 - 4*n**2 + 23*n + 3. Is j(b) composite?
True
Let d = 153 + 112. Let q(h) = -h**2 + 9*h - 4. Let u be q(8). Suppose u*m = -m + d. Is m prime?
True
Let r be (-199)/6 - (-5)/(-150)*-5. Let w(p) = 9*p**2 + 16*p - 44. Is w(r) composite?
True
Suppose 0 = 5*f - 11 - 4. Suppose -f*h + 494 = -172. Let i = h - -1. Is i composite?
False
Suppose -g - 5*p = -232232, -452745 = -4*g - 3*p + 476132. Is g prime?
True
Suppose 39*j = -133*j + 55*j + 1399671. Is j prime?
False
Let c = -46 + 82. Suppose -4*g - 25 = -n, -2*n + g + c = -49. Is (3 - (-141)/(-45)) + 34611/n prime?
True
Suppose -4*q = a - 1337977, -2675930 = 157*a - 159*a + 4*q. Is a prime?
True
Suppose -12*t + 15*t - 30 = 0. Is (1835900/35)/t - 6/14 a composite number?
True
Suppose 47 = -4*l - 1. Let a be 261/(-36) + 7 - 17/(-4). Is (a/(-6))/((-5)/((-75510)/l)) prime?
True
Let w be -3 + -1 + 1 - (-86 + -2). Let k = -93 + w. Is ((-1977)/4)/(3/k) a prime number?
False
Suppose -q + p + 48623 = 0, 147948 = 4*q - 5*p - 46538. Is q a prime number?
False
Suppose 193*n - 181*n = 1349772. Is n a composite number?
False
Is (47897/3)/((-10)/(-30)) composite?
True
Let j = -72101 - -199584. Is j prime?
False
Let s be (-7 - -69)/((-8)/84). Let m = 5122 - s. Is m a composite number?
True
Suppose 563*s - 561*s - 5*f = 13510727, -33776730 = -5*s - 5*f. Is s prime?
True
Let y = 20271 - 6058. Suppose -5*n + y - 2478 = 0. Suppose 5*v + 1262 = 4*q + 3615, 5*v - n = q. Is v composite?
True
Suppose -3*o + 12*o - 837 = 0. Let b = 98 - o. Suppose 6*s = b*s + 879. Is s a composite number?
True
Suppose -k - 66710 = 344*m - 349*m, k - 53377 = -4*m. Is m composite?
True
Let f(p) = 28*p**2 + 27*p + 17. Let j be f(21). Suppose -4*c - d + 10354 = 0, -4*c = c - 4*d - j. Suppose -c = 32*h - 36*h. Is h a composite number?
False
Suppose 34*m + 104883 = -56447. Let c = 8982 + m. Is c a composite number?
True
Let x = 1865 - 908. Suppose 0 = -6*p + x + 22113. Is 2*4/(40/p) prime?
True
Let q(z) = z**3 - 56*z**2 - 100*z + 877. Is q(122) composite?
False
Suppose 0*i - 2*l = -2*i, 4*i + 2*l = 6. Let g be (i/2)/((-2)/48). Is (2 - 244/g)*3 a composite number?
False
Let o = 280116 - 181835. Is o a prime number?
Fa